{"id":37,"date":"2018-09-16T21:08:56","date_gmt":"2018-09-16T19:08:56","guid":{"rendered":"https:\/\/fsr.cs.uni-potsdam.de\/rebuild\/?page_id=37"},"modified":"2025-10-04T00:11:29","modified_gmt":"2025-10-03T22:11:29","slug":"erstsemester","status":"publish","type":"page","link":"https:\/\/fsr.cs.uni-potsdam.de\/?page_id=37","title":{"rendered":"Erstsemester"},"content":{"rendered":"\n<h3 class=\"wp-block-heading\"><strong>Willkommen!<\/strong><\/h3>\n\n\n\n<p>Herzlich willkommen an der Universit\u00e4t Potsdam und in unserer Fachschaft!<\/p>\n\n\n\n<p>Auf dieser Seite hier m\u00f6chten wir euch Studis, die gerade ihr Studium beginnen oder gerade zur Informatik gewechselt sind, \u00fcber Veranstaltungen und weitere n\u00fctzliche Dinge zum Studienstart informieren.<\/p>\n\n\n\n<p>Die Termine mit Details f\u00fcr den Beginn vom Wintersemester 2025\/26 werden hier im September angek\u00fcndigt und erg\u00e4nzt.<\/p>\n\n\n\n<h3 class=\"wp-block-heading\"><strong>Folien FSR Vorstellung<\/strong><\/h3>\n\n\n\n<p>Hier sind die Folien von der FSR Vorstellung vom 02.10.2025:<\/p>\n\n\n\n<div class=\"wp-block-file\"><a id=\"wp-block-file--media-75e5b3d3-8576-4c6a-9650-c77caef3f05f\" href=\"https:\/\/fsr.cs.uni-potsdam.de\/wp-content\/uploads\/2025\/10\/FSR_Vorstellung_25.pdf\" target=\"_blank\" rel=\"noreferrer noopener\">FSR_Vorstellung_25<\/a><\/div>\n\n\n\n<p><\/p>\n\n\n\n<h3 class=\"wp-block-heading\"><strong>Termine zum Studienstart<\/strong> <strong>2025<\/strong><\/h3>\n\n\n\n<figure class=\"wp-block-table tg is-style-stripes\"><table><tbody><tr><td><strong>Datum \/ Zeitraum<\/strong><\/td><th class=\"has-text-align-left\" data-align=\"left\">Angebot \/ Veranstaltung<\/th><td class=\"has-text-align-left\" data-align=\"left\"><strong>Ort<\/strong><\/td><th class=\"has-text-align-left\" data-align=\"left\">Weitere Infos<\/th><\/tr><tr><td>15.09. bis 30.09<\/td><td class=\"has-text-align-left\" data-align=\"left\">Workshops und F\u00fchrungen von Studenten&nbsp;<\/td><td class=\"has-text-align-left\" data-align=\"left\"><\/td><td class=\"has-text-align-left\" data-align=\"left\"><a href=\"https:\/\/www.uni-potsdam.de\/de\/studium\/konkret\/anfaenger\/studierende-begleiten-studienstart\/workshops-fuehrungen\" target=\"_blank\" rel=\"noreferrer noopener\">Workshops &amp; F\u00fchrungen<\/a><\/td><\/tr><tr><td>29.09. bis 02.10.<br>10 bis 16 Uhr<br><\/td><td class=\"has-text-align-left\" data-align=\"left\">f\u00fcr Lehramt:<br>Programmierkurs<\/td><td class=\"has-text-align-left\" data-align=\"left\">Campus Golm,<br>Haus 70,<br>Raum 0.10<\/td><td class=\"has-text-align-left\" data-align=\"left\">weiter Informationen<br>&amp; Anmeldung<br>im <a href=\"https:\/\/openup.uni-potsdam.de\/enrol\/index.php?id=617\">Open<\/a><a href=\"https:\/\/openup.uni-potsdam.de\/enrol\/index.php?id=617\" target=\"_blank\" rel=\"noreferrer noopener\">&#8211;<\/a><a href=\"https:\/\/openup.uni-potsdam.de\/enrol\/index.php?id=617\">Moodle Kurs<\/a><br>(ab Mitte September)&nbsp;<\/td><\/tr><tr><td>29.09. bis 02.10.<\/td><td class=\"has-text-align-left\" data-align=\"left\">Mathe-Br\u00fcckenkurs<\/td><td class=\"has-text-align-left\" data-align=\"left\">Campus Golm<\/td><td class=\"has-text-align-left\" data-align=\"left\"><a href=\"https:\/\/www.uni-potsdam.de\/de\/cs\/study\/fuer-studieninteressierte\/brueckenkurs-mathematik\">link<\/a>,<br>siehe unten<\/td><\/tr><tr><td>01.10. bis<br>10.10.&nbsp;<\/td><td class=\"has-text-align-left\" data-align=\"left\">Offene Sprechzeiten f\u00fcr individuelle Fragen<\/td><td class=\"has-text-align-left\" data-align=\"left\"><\/td><td class=\"has-text-align-left\" data-align=\"left\"><a href=\"https:\/\/www.uni-potsdam.de\/de\/studium\/konkret\/anfaenger\/einfuehrungsveranstaltungen\/ein-fach-bachelorstudiengaenge\">Ein-Fach-Bachelor<\/a><br><a href=\"https:\/\/www.uni-potsdam.de\/de\/studium\/konkret\/anfaenger\/einfuehrungsveranstaltungen\/lehramtsbezogenes-bachelorstudium\">Lehramts-Bachelor<\/a><\/td><\/tr><tr><td>02.10.<br>9:00 Uhr<\/td><td class=\"has-text-align-left\" data-align=\"left\">Auftaktveranstaltung f\u00fcr Informatik\/Computational Science<br>&amp; Lehramt<\/td><td class=\"has-text-align-left\" data-align=\"left\">Campus Golm,<br>Haus 12,<br>Raum 0.01<\/td><td class=\"has-text-align-left\" data-align=\"left\">&nbsp;<\/td><\/tr><tr><td>02.10.<br>~10 Uhr (ICS)<br>~11 Uhr (WI)<\/td><td class=\"has-text-align-left\" data-align=\"left\">Campus-Rallye<\/td><td class=\"has-text-align-left\" data-align=\"left\">Campus Golm<\/td><td class=\"has-text-align-left\" data-align=\"left\">Wir haben eine kleine Rallye f\u00fcr euch vorbereitet, um den Campus Golm kennen zu lernen.<br>Auswertung ist sp\u00e4ter am Tag beim Ersti-Grillen. Das beste Team bekommt einen kleinen Preis.<\/td><\/tr><tr><td>02.10.<br>11:00 Uhr<\/td><td class=\"has-text-align-left\" data-align=\"left\">Einf\u00fchrungsveranstaltung f\u00fcr<br>Informatik\/Computational Science | Lehramt<\/td><td class=\"has-text-align-left\" data-align=\"left\">beide in Golm,<br>ICS: Haus 12,<br>Raum 0.01<br>&#8212;<br>LA: Haus 27,<br>Raum 0.01<\/td><td class=\"has-text-align-left\" data-align=\"left\">ICS &amp; Lehramt haben hier getrennte Veranstaltungen<\/td><\/tr><tr><td>02.10.<br>9:00 Uhr<\/td><td class=\"has-text-align-left\" data-align=\"left\">Auftaktveranstaltung f\u00fcr<br>Wirtschaftsinformatik<\/td><td class=\"has-text-align-left\" data-align=\"left\">Campus Griebnitzsee,<br>Haus 6,<br>Raum S28<\/td><td class=\"has-text-align-left\" data-align=\"left\"><\/td><\/tr><tr><td>02.10.<br>12:30 bis 17:00 Uhr<\/td><td class=\"has-text-align-left\" data-align=\"left\">Ersti-Grillen<\/td><td class=\"has-text-align-left\" data-align=\"left\">Campus Golm,<br>Haus 70<\/td><td class=\"has-text-align-left\" data-align=\"left\"><\/td><\/tr><tr><td>06.10.<br>9 bis 16 Uhr&nbsp;<\/td><td class=\"has-text-align-left\" data-align=\"left\">UP.START &#8211; der Orientierungstag&nbsp;<\/td><td class=\"has-text-align-left\" data-align=\"left\">Campus Griebnitzsee,<br>Haus 6&nbsp;<\/td><td class=\"has-text-align-left\" data-align=\"left\"><a href=\"https:\/\/www.uni-potsdam.de\/de\/studium\/konkret\/anfaenger\/einfuehrungsveranstaltungen\/upstart\">UP.START<\/a><\/td><\/tr><tr><td>07.10.<br><strong>12:15 <\/strong>Uhr<br>und auch vorher\/ nachher den Nachmittag lang<\/td><td class=\"has-text-align-left\" data-align=\"left\">Stundenplan-Guide f\u00fcr ICS<\/td><td class=\"has-text-align-left\" data-align=\"left\">Campus Golm,<br>Haus 70,<br>Raum 0.10<\/td><td class=\"has-text-align-left\" data-align=\"left\">Wir helfen dir, deinen Stundenplan zu bauen, keine Anmeldung n\u00f6tig.<br>Falls ihr 12:15 gerade nicht k\u00f6nnt, kommt gerne auch vorher oder nachher vorbei. Es ist den Tag \u00fcber jemand von uns da, um beim Stundenplanbauen zu helfen.<\/td><\/tr><tr><td>09.10. und<br>10.10.<br>9 Uhr&nbsp;<\/td><td class=\"has-text-align-left\" data-align=\"left\">f\u00fcr Wirtschaftsinformatik:<br>Tutorium &#8222;Selbstreflexion &amp; Planung&#8220;<br>(Pflicht f\u00fcr WI)<\/td><td class=\"has-text-align-left\" data-align=\"left\">Campus Griebnitzsee&nbsp;<\/td><td class=\"has-text-align-left\" data-align=\"left\">Die Einteilung in die Gruppen 1-3 erfolgt am 09.10.2025 um 08:45 Uhr im Foyer von Haus 6<br><a href=\"https:\/\/www.uni-potsdam.de\/de\/wiso\/studium\/studienstart\/tutorium-selbstreflexion-und-planung\">Ablaufplan f\u00fcr die Einf\u00fchrungstutorium<\/a><\/td><\/tr><tr><td>13.10.<\/td><td class=\"has-text-align-left\" data-align=\"left\">Spieleabend<br>FSR-Informatik&nbsp;<\/td><td class=\"has-text-align-left\" data-align=\"left\">Campus Golm,<br>Haus 70<\/td><td class=\"has-text-align-left\" data-align=\"left\"><\/td><\/tr><tr><td>16.10.<\/td><td class=\"has-text-align-left\" data-align=\"left\">Semester-Auftakt-Grillen vom FSR Informatik<\/td><td class=\"has-text-align-left\" data-align=\"left\">Campus Golm,<br>Haus 70<\/td><td class=\"has-text-align-left\" data-align=\"left\">&nbsp;<\/td><\/tr><tr><td>17.10.<br>16 Uhr<\/td><td class=\"has-text-align-left\" data-align=\"left\">Begr\u00fc\u00dfungsveranstaltung<br>Wirtschaftsinformatik&nbsp;<\/td><td class=\"has-text-align-left\" data-align=\"left\">Digitalvilla, Karl-Marx-Stra\u00dfe 67, 14482 Potsdam<\/td><td class=\"has-text-align-left\" data-align=\"left\"><\/td><\/tr><\/tbody><\/table><\/figure>\n\n\n\n<h3 class=\"wp-block-heading\"><strong>Vernetzung<\/strong><\/h3>\n\n\n\n<p>Wir laden euch ein, auf dem <a href=\"https:\/\/discord.gg\/yAGzn5P\">Fachschafts-Discord<\/a> mit uns und euren Mitstudierenden in Kontakt zu treten. Ansonsten sind wir auch auf <a href=\"https:\/\/www.instagram.com\/fsr_informatik_up\/\">Instagram<\/a> zu finden.<\/p>\n\n\n\n<h3 class=\"wp-block-heading\"><strong>Br\u00fcckenkurse<\/strong><\/h3>\n\n\n\n<h4 class=\"wp-block-heading\"><strong>Mathematik-Br\u00fcckenkurs<\/strong><\/h4>\n\n\n\n<p>Wir empfehlen allen Studierenden vor dem offiziellen Beginn eures Studium den <a href=\"https:\/\/www.uni-potsdam.de\/de\/cs\/study\/fuer-studieninteressierte\/brueckenkurs-mathematik\">Mathematik Br\u00fcckenkurs<\/a> zu besuchen. Der Kurs bereitet euch bestens auf die kommenden Mathematik-Module vor.<br>Zwar bietet die WiSo-Fakult\u00e4t auch einen Br\u00fcckenkurs an, allerdings ist dieser thematisch nicht geeignet f\u00fcr die kommenden Mathematik-Module.<\/p>\n\n\n\n<p>Deshalb empfehlen wir <b>allen Studierenden<\/b> der Studieng\u00e4nge ICS (Informatik\/Computational Science), WI (Wirtschaftsinformatik) und LA (Lehramt) den oben genannten Mathematik Br\u00fcckenkurs f\u00fcr MINT zu besuchen.<\/p>\n\n\n\n<p>Der Moodle-Kurs, in dem es weitere Informationen und die Materialien vom Br\u00fcckenkurs gibt, sollte ab Mitte September verf\u00fcgbar werden.<br>-&gt; <a href=\"https:\/\/openup.uni-potsdam.de\/course\/view.php?id=607\" target=\"_blank\" rel=\"noreferrer noopener\">openup.uni-potsdam.de\/course\/view.php?id=607<\/a><\/p>\n\n\n\n<h4 class=\"wp-block-heading\"><strong>Programmier-Br\u00fcckenkurs<\/strong><\/h4>\n\n\n\n<p>Dieser Br\u00fcckenkurs richtet sich an <strong>Lehramtsstudierende<\/strong>, die kaum oder wenig Vorerfahrung mit Programmierung haben. Ziel ist einerseits den Einstieg ins Studium zu erleichtern und andererseits schon zu\/vor Beginn des Studiums einen Ein- und Ausblick zu liefern, was Informatik ist und die Studierenden im Studium erwartet.<\/p>\n\n\n\n<p><\/p>\n","protected":false},"excerpt":{"rendered":"<p>Willkommen! Herzlich willkommen an der Universit\u00e4t Potsdam und in unserer Fachschaft! Auf dieser Seite hier m\u00f6chten wir euch Studis, die gerade ihr Studium beginnen oder gerade zur Informatik gewechselt sind, \u00fcber Veranstaltungen und weitere n\u00fctzliche Dinge zum Studienstart informieren. Die Termine mit Details f\u00fcr den Beginn vom Wintersemester 2025\/26 werden hier im September angek\u00fcndigt und <a class=\"more-link\" href=\"https:\/\/fsr.cs.uni-potsdam.de\/?page_id=37\">weiterlesen&#8230;<\/a><\/p>\n","protected":false},"author":2,"featured_media":0,"parent":0,"menu_order":0,"comment_status":"closed","ping_status":"closed","template":"","meta":{"footnotes":""},"class_list":["post-37","page","type-page","status-publish","hentry"],"_links":{"self":[{"href":"https:\/\/fsr.cs.uni-potsdam.de\/index.php?rest_route=\/wp\/v2\/pages\/37","targetHints":{"allow":["GET"]}}],"collection":[{"href":"https:\/\/fsr.cs.uni-potsdam.de\/index.php?rest_route=\/wp\/v2\/pages"}],"about":[{"href":"https:\/\/fsr.cs.uni-potsdam.de\/index.php?rest_route=\/wp\/v2\/types\/page"}],"author":[{"embeddable":true,"href":"https:\/\/fsr.cs.uni-potsdam.de\/index.php?rest_route=\/wp\/v2\/users\/2"}],"replies":[{"embeddable":true,"href":"https:\/\/fsr.cs.uni-potsdam.de\/index.php?rest_route=%2Fwp%2Fv2%2Fcomments&post=37"}],"version-history":[{"count":34,"href":"https:\/\/fsr.cs.uni-potsdam.de\/index.php?rest_route=\/wp\/v2\/pages\/37\/revisions"}],"predecessor-version":[{"id":1476,"href":"https:\/\/fsr.cs.uni-potsdam.de\/index.php?rest_route=\/wp\/v2\/pages\/37\/revisions\/1476"}],"wp:attachment":[{"href":"https:\/\/fsr.cs.uni-potsdam.de\/index.php?rest_route=%2Fwp%2Fv2%2Fmedia&parent=37"}],"curies":[{"name":"wp","href":"https:\/\/api.w.org\/{rel}","templated":true}]}}