{"id":472,"date":"2019-08-12T13:30:02","date_gmt":"2019-08-12T11:30:02","guid":{"rendered":"https:\/\/fsr.cs.uni-potsdam.de\/?page_id=472"},"modified":"2019-08-12T13:30:02","modified_gmt":"2019-08-12T11:30:02","slug":"mailinglisten","status":"publish","type":"page","link":"https:\/\/fsr.cs.uni-potsdam.de\/?page_id=472","title":{"rendered":"Mailinglisten"},"content":{"rendered":"<p><b>Hier findet ihr unsere Mailinglisten<\/b><br \/>\n\u00dcber diese Listen k\u00f6nnen wir Informationen an die Fachschaft weiter leiten.<br \/>\n<b>F\u00fcr Studierende:<\/b> Wenn ihr immer auf dem neuesten Stand sein wollt, dann tragt euch in unsere Mailinglisten ein.<br \/>\n<b>F\u00fcr Versendende:<\/b> M\u00f6chtest du eine Information an die Fachschaft Informatik leiten, dann benutze bitte eine dieser Listen und wenn es schnell gehen soll dann bitte eine info an haischmann [at] uni-potsdam.de<\/p>\n<table>\n<tbody>\n<tr>\n<th>Mail-Adresse<\/th>\n<th><\/th>\n<th>Beschreibung<\/th>\n<th><\/th>\n<\/tr>\n<tr>\n<td>fsr-inf-fachschaft@lists.astaup.de<\/td>\n<td><\/td>\n<td>Mailingliste f\u00fcr alle Themen rund um das Studium der<br \/>\n(&lt;Bindestrich&gt;)Informatik<\/td>\n<\/tr>\n<tr>\n<td>fsr-inf-jobs@lists.astaup.de<\/td>\n<td><\/td>\n<td>Mailingliste mit aktuellen Job-\/Praktikumsangeboten<\/td>\n<td><\/td>\n<\/tr>\n<tr>\n<td>fachschaft-informatik@studi.astaup.de<\/td>\n<td><\/td>\n<td>Mailingliste nur f\u00fcr interne Ank\u00fcndigungen<\/p>\n<p><em>Eine zus\u00e4tzliche E-Mail an haischmann [at] uni-potsdam.de (<\/em><em>fachschaft-informatik-moderator[at]studi.astaup.de<\/em><em>) ist notwendig, damit diese Mail zu den Studierenden durchgeleitet wird.<\/em><\/td>\n<td><\/td>\n<\/tr>\n<\/tbody>\n<\/table>\n<p>Ihr k\u00f6nnt euch ganz einfach selber in diese Mailinglisten eintragen, indem ihr:<\/p>\n<ul>\n<li>eine Mail an &lt;Liste&gt;-subscribe@lists.astaup.de schickt und dem Link in der confirm-mail folgt.<\/li>\n<li>euch auf http:\/\/lists.astaup.de\/mailman\/listinfo\/ eintragt.<\/li>\n<\/ul>\n<p>Eigene Mailinglisten k\u00f6nnten ihr zudem beim AStA beantragen. Schreibt hierzu an: <a href=\"mailto:computer[at]astaup.de\">computer[at]astaup.de<\/a>.<\/p>\n","protected":false},"excerpt":{"rendered":"<p>Hier findet ihr unsere Mailinglisten \u00dcber diese Listen k\u00f6nnen wir Informationen an die Fachschaft weiter leiten. F\u00fcr Studierende: Wenn ihr immer auf dem neuesten Stand sein wollt, dann tragt euch in unsere Mailinglisten ein. F\u00fcr Versendende: M\u00f6chtest du eine Information an die Fachschaft Informatik leiten, dann benutze bitte eine dieser Listen und wenn es schnell <a class=\"more-link\" href=\"https:\/\/fsr.cs.uni-potsdam.de\/?page_id=472\">weiterlesen&#8230;<\/a><\/p>\n","protected":false},"author":2,"featured_media":0,"parent":0,"menu_order":0,"comment_status":"closed","ping_status":"closed","template":"","meta":{"footnotes":""},"class_list":["post-472","page","type-page","status-publish","hentry"],"_links":{"self":[{"href":"https:\/\/fsr.cs.uni-potsdam.de\/index.php?rest_route=\/wp\/v2\/pages\/472","targetHints":{"allow":["GET"]}}],"collection":[{"href":"https:\/\/fsr.cs.uni-potsdam.de\/index.php?rest_route=\/wp\/v2\/pages"}],"about":[{"href":"https:\/\/fsr.cs.uni-potsdam.de\/index.php?rest_route=\/wp\/v2\/types\/page"}],"author":[{"embeddable":true,"href":"https:\/\/fsr.cs.uni-potsdam.de\/index.php?rest_route=\/wp\/v2\/users\/2"}],"replies":[{"embeddable":true,"href":"https:\/\/fsr.cs.uni-potsdam.de\/index.php?rest_route=%2Fwp%2Fv2%2Fcomments&post=472"}],"version-history":[{"count":0,"href":"https:\/\/fsr.cs.uni-potsdam.de\/index.php?rest_route=\/wp\/v2\/pages\/472\/revisions"}],"wp:attachment":[{"href":"https:\/\/fsr.cs.uni-potsdam.de\/index.php?rest_route=%2Fwp%2Fv2%2Fmedia&parent=472"}],"curies":[{"name":"wp","href":"https:\/\/api.w.org\/{rel}","templated":true}]}}