{"id":511,"date":"2019-08-12T14:31:32","date_gmt":"2019-08-12T12:31:32","guid":{"rendered":"https:\/\/fsr.cs.uni-potsdam.de\/?page_id=511"},"modified":"2025-04-07T17:28:40","modified_gmt":"2025-04-07T15:28:40","slug":"wichtige-links","status":"publish","type":"page","link":"https:\/\/fsr.cs.uni-potsdam.de\/?page_id=511","title":{"rendered":"Wichtige Links"},"content":{"rendered":"<table class=\"inline\">\n<tbody>\n<tr class=\"row0\">\n<th class=\"col0\" colspan=\"2\">Universit\u00e4t und Institut<\/th>\n<\/tr>\n<tr class=\"row1\">\n<td class=\"col0\">Universit\u00e4t Potsdam<\/td>\n<td class=\"col1\"><a class=\"urlextern\" title=\"http:\/\/www.uni-potsdam.de\" href=\"https:\/\/www.uni-potsdam.de\" target=\"_blank\" rel=\"nofollow noopener\">uni-potsdam.de<\/a><\/td>\n<\/tr>\n<tr class=\"row2\">\n<td class=\"col0\">Institut f\u00fcr Informatik und Computational Science<\/td>\n<td class=\"col1\"><a class=\"urlextern\" title=\"http:\/\/www.uni-potsdam.de\/cs\/\" href=\"https:\/\/www.uni-potsdam.de\/cs\/\" target=\"_blank\" rel=\"nofollow noopener\">uni-potsdam.de\/cs<\/a><\/td>\n<\/tr>\n<tr class=\"row3\">\n<td class=\"col0\"><abbr title=\"Potsdamer Universit\u00e4tslehr- und Studienorganisationsportal (Funktion: Belegung, Abmeldung, Vorlesungsverzeichnis, Leistungs\u00fcbersicht)\">PULS<\/abbr><\/td>\n<td class=\"col1\"><a class=\"urlextern\" title=\"https:\/\/puls.uni-potsdam.de\" href=\"https:\/\/puls.uni-potsdam.de\" target=\"_blank\" rel=\"nofollow noopener\">puls.uni-potsdam.de<\/a><\/td>\n<\/tr>\n<tr class=\"row4\">\n<td class=\"col0\">ZIM &#8211; Zentrum f\u00fcr Informationstechnologie und Medienmanagement<\/td>\n<td class=\"col1\"><a class=\"urlextern\" title=\"https:\/\/www.uni-potsdam.de\/zim\/\" href=\"https:\/\/www.uni-potsdam.de\/zim\/\" target=\"_blank\" rel=\"nofollow noopener\">uni-potsdam.de\/zim<\/a><\/td>\n<\/tr>\n<tr class=\"row5\">\n<td class=\"col0\">Universit\u00e4tsbibliothek<\/td>\n<td class=\"col1\"><a class=\"urlextern\" title=\"http:\/\/www.ub.uni-potsdam.de\" href=\"https:\/\/www.ub.uni-potsdam.de\" target=\"_blank\" rel=\"nofollow noopener\">ub.uni-potsdam.de<\/a><\/td>\n<\/tr>\n<tr class=\"row6\">\n<td class=\"col0\">ZeSSko &#8211; Zentrum f\u00fcr Sprachen und Schl\u00fcsselkompetenzen<\/td>\n<td class=\"col1\"><a class=\"urlextern\" title=\"https:\/\/www.uni-potsdam.de\/zessko\/\" href=\"https:\/\/www.uni-potsdam.de\/zessko\/\" target=\"_blank\" rel=\"nofollow noopener\">uni-potsdam.de\/zessko<\/a><\/td>\n<\/tr>\n<tr class=\"row7\">\n<td class=\"col0\">Studierendenserver<\/td>\n<td class=\"col1\"><a class=\"urlextern\" title=\"http:\/\/www.stud.uni-potsdam.de\" href=\"https:\/\/www.stud.uni-potsdam.de\" target=\"_blank\" rel=\"nofollow noopener\">stud.uni-potsdam.de<\/a><\/td>\n<\/tr>\n<tr class=\"row8\">\n<td class=\"col0\">Moodle der Universit\u00e4t Potsdam<\/td>\n<td class=\"col1\"><a class=\"urlextern\" title=\"http:\/\/moodle2.uni-potsdam.de\" href=\"https:\/\/moodle2.uni-potsdam.de\" target=\"_blank\" rel=\"nofollow noopener\">moodle2.uni-potsdam.de<\/a><\/td>\n<\/tr>\n<tr class=\"row9\">\n<td class=\"col0\">Moodle des Instituts f\u00fcr Informatik<\/td>\n<td class=\"col1\"><a class=\"urlextern\" title=\"http:\/\/moodle.cs.uni-potsdam.de\" href=\"https:\/\/moodle.cs.uni-potsdam.de\" target=\"_blank\" rel=\"nofollow noopener\">moodle.cs.uni-potsdam.de<\/a><\/td>\n<\/tr>\n<tr class=\"row10\">\n<th class=\"col0\" colspan=\"2\">Studienorganisation<\/th>\n<\/tr>\n<tr class=\"row11\">\n<td class=\"col0\">Termine und Fristen<\/td>\n<td class=\"col1\"><a class=\"urlextern\" title=\"https:\/\/www.uni-potsdam.de\/de\/studium\/termine\/uebersicht.html\" href=\"https:\/\/www.uni-potsdam.de\/de\/studium\/termine\/uebersicht.html\" target=\"_blank\" rel=\"nofollow noopener\">uni-potsdam.de\/de\/studium\/termine\/uebersicht.html<\/a><\/td>\n<\/tr>\n<tr class=\"row12\">\n<td class=\"col0\">Rechtsgrundlagen und Studienordnungen<\/td>\n<td class=\"col1\"><a class=\"urlextern\" title=\"http:\/\/www.uni-potsdam.de\/de\/studium\/konkret\/rechtsgrundlagen.html\" href=\"https:\/\/www.uni-potsdam.de\/de\/studium\/konkret\/rechtsgrundlagen.html\" target=\"_blank\" rel=\"nofollow noopener\">uni-potsdam.de\/de\/studium\/konkret\/rechtsgrundlagen.html<\/a><\/td>\n<\/tr>\n<tr class=\"row13\">\n<td class=\"col0\">Zentrales Pr\u00fcfungsamt<\/td>\n<td class=\"col1\"><a class=\"urlextern\" title=\"http:\/\/www.uni-potsdam.de\/studium\/beratung\/zentrales-pruefungsamt.html\" href=\"https:\/\/www.uni-potsdam.de\/studium\/beratung\/zentrales-pruefungsamt.html\" target=\"_blank\" rel=\"nofollow noopener\">uni-potsdam.de\/studium\/beratung\/zentrales-pruefungsamt.html<\/a><\/td>\n<\/tr>\n<tr class=\"row14\">\n<td class=\"col0\">Formulare und Dokumente<\/td>\n<td class=\"col1\"><a class=\"urlextern\" title=\"http:\/\/www.uni-potsdam.de\/studium\/konkret\/formulare.html\" href=\"https:\/\/www.uni-potsdam.de\/studium\/konkret\/formulare.html\" target=\"_blank\" rel=\"nofollow noopener\">uni-potsdam.de\/studium\/konkret\/formulare.html<\/a><\/td>\n<\/tr>\n<tr class=\"row15\">\n<th class=\"col0\" colspan=\"2\">Neben dem Studium<\/th>\n<\/tr>\n<tr class=\"row16\">\n<td class=\"col0\">Studierendenwerk West:Brandenburg<br \/>\n(ehemals \u201eStudentenwerk Potsdam\u201c)<\/td>\n<td class=\"col1\"><a href=\"https:\/\/www.stwwb.de\/\" target=\"_blank\" rel=\"noopener\">stwwb.de<\/a><\/td>\n<\/tr>\n<tr class=\"row17\">\n<td class=\"col0\">Speisepl\u00e4ne der Mensen<\/td>\n<td class=\"col1\"><a href=\"https:\/\/swp.webspeiseplan.de\/\" target=\"_blank\" rel=\"noopener\">swp.webspeiseplan.de<\/a><\/td>\n<\/tr>\n<tr class=\"row18\">\n<td class=\"col0\">Hochschulsport<\/td>\n<td class=\"col1\"><a class=\"urlextern\" title=\"http:\/\/www.uni-potsdam.de\/hochschulsport\/\" href=\"https:\/\/www.uni-potsdam.de\/hochschulsport\/\" target=\"_blank\" rel=\"nofollow noopener\">uni-potsdam.de\/hochschulsport<\/a><\/td>\n<\/tr>\n<tr class=\"row19\">\n<th class=\"col0\" colspan=\"2\">Gremien<\/th>\n<\/tr>\n<tr class=\"row20\">\n<td class=\"col0\"><abbr title=\"Studierendenparlament\">StuPa<\/abbr><\/td>\n<td class=\"col1\"><a class=\"urlextern\" title=\"http:\/\/www.stupa.uni-potsdam.de\" href=\"http:\/\/www.stupa.uni-potsdam.de\" target=\"_blank\" rel=\"nofollow noopener\">stupa.uni-potsdam.de<\/a><\/td>\n<\/tr>\n<tr class=\"row21\">\n<td class=\"col0\"><abbr title=\"Allgemeiner Studierendenausschuss\">AStA<\/abbr><\/td>\n<td class=\"col1\"><a class=\"urlextern\" title=\"http:\/\/www.asta.uni-potsdam.de\" href=\"https:\/\/astaup.de\/\" target=\"_blank\" rel=\"nofollow noopener\">astaup.de<\/a><\/td>\n<\/tr>\n<tr class=\"row22\">\n<td class=\"col0\"><abbr title=\"Versammlung der Fachschaften\">VeFa<\/abbr><\/td>\n<td class=\"col1\"><a class=\"urlextern\" title=\"https:\/\/stud.astaup.de\/~vefa\/\" href=\"https:\/\/www.vefa.uni-potsdam.de\/\" target=\"_blank\" rel=\"nofollow noopener\">vefa.uni-potsdam.de<\/a><\/td>\n<\/tr>\n<tr class=\"row23\">\n<td class=\"col0\">Fakult\u00e4tsrat der Mathematisch-Naturwissenschaftlichen Fakult\u00e4t<\/td>\n<td class=\"col1\"><a class=\"urlextern\" title=\"https:\/\/www.uni-potsdam.de\/mnfakul\/die-fakultaet\/gremien\/fakultaetsrat.html\" href=\"https:\/\/www.uni-potsdam.de\/mnfakul\/die-fakultaet\/gremien\/fakultaetsrat\" target=\"_blank\" rel=\"nofollow noopener\">uni-potsdam.de\/mnfakul\/die-fakultaet\/gremien\/fakultaetsrat<\/a><\/td>\n<\/tr>\n<tr class=\"row24\">\n<td class=\"col0\">Fakult\u00e4tsrat der Wirtschafts- und Sozialwissenschaftlichen Fakult\u00e4t<\/td>\n<td class=\"col1\"><a class=\"urlextern\" title=\"https:\/\/www.uni-potsdam.de\/wiso\/fakultaet\/gremien\/fakultaetsrat.html\" href=\"https:\/\/www.uni-potsdam.de\/de\/wiso\/fakultaet\/gremien-beauftragte\/fakultaetsrat\" target=\"_blank\" rel=\"nofollow noopener\">uni-potsdam.de\/de\/wiso\/fakultaet\/gremien-beauftragte\/fakultaetsrat<\/a><\/td>\n<\/tr>\n<\/tbody>\n<\/table>\n<p>&nbsp;<\/p>\n","protected":false},"excerpt":{"rendered":"<p>Universit\u00e4t und Institut Universit\u00e4t Potsdam uni-potsdam.de Institut f\u00fcr Informatik und Computational Science uni-potsdam.de\/cs PULS puls.uni-potsdam.de ZIM &#8211; Zentrum f\u00fcr Informationstechnologie und Medienmanagement uni-potsdam.de\/zim Universit\u00e4tsbibliothek ub.uni-potsdam.de ZeSSko &#8211; Zentrum f\u00fcr Sprachen und Schl\u00fcsselkompetenzen uni-potsdam.de\/zessko Studierendenserver stud.uni-potsdam.de Moodle der Universit\u00e4t Potsdam moodle2.uni-potsdam.de Moodle des Instituts f\u00fcr Informatik moodle.cs.uni-potsdam.de Studienorganisation Termine und Fristen uni-potsdam.de\/de\/studium\/termine\/uebersicht.html Rechtsgrundlagen und Studienordnungen uni-potsdam.de\/de\/studium\/konkret\/rechtsgrundlagen.html <a class=\"more-link\" href=\"https:\/\/fsr.cs.uni-potsdam.de\/?page_id=511\">weiterlesen&#8230;<\/a><\/p>\n","protected":false},"author":2,"featured_media":0,"parent":0,"menu_order":0,"comment_status":"closed","ping_status":"closed","template":"","meta":{"footnotes":""},"class_list":["post-511","page","type-page","status-publish","hentry"],"_links":{"self":[{"href":"https:\/\/fsr.cs.uni-potsdam.de\/index.php?rest_route=\/wp\/v2\/pages\/511","targetHints":{"allow":["GET"]}}],"collection":[{"href":"https:\/\/fsr.cs.uni-potsdam.de\/index.php?rest_route=\/wp\/v2\/pages"}],"about":[{"href":"https:\/\/fsr.cs.uni-potsdam.de\/index.php?rest_route=\/wp\/v2\/types\/page"}],"author":[{"embeddable":true,"href":"https:\/\/fsr.cs.uni-potsdam.de\/index.php?rest_route=\/wp\/v2\/users\/2"}],"replies":[{"embeddable":true,"href":"https:\/\/fsr.cs.uni-potsdam.de\/index.php?rest_route=%2Fwp%2Fv2%2Fcomments&post=511"}],"version-history":[{"count":9,"href":"https:\/\/fsr.cs.uni-potsdam.de\/index.php?rest_route=\/wp\/v2\/pages\/511\/revisions"}],"predecessor-version":[{"id":1392,"href":"https:\/\/fsr.cs.uni-potsdam.de\/index.php?rest_route=\/wp\/v2\/pages\/511\/revisions\/1392"}],"wp:attachment":[{"href":"https:\/\/fsr.cs.uni-potsdam.de\/index.php?rest_route=%2Fwp%2Fv2%2Fmedia&parent=511"}],"curies":[{"name":"wp","href":"https:\/\/api.w.org\/{rel}","templated":true}]}}